. Calculate k(n).
0
Let g(w) = -6*w - 1. Let u(r) = -23*r - 4. Let j(l) = 9*g(l) - 2*u(l). Determine j(2).
-17
Let p(w) = -w**3 - 4*w**2 - 2*w + 1. Suppose 8*j + 24 = 2*j. What is p(j)?
9
Let v(l) = l**2 + l - 1. Let t(r) = 3*r**2 + 3*r - 2. Let d(m) = -t(m) + 4*v(m). Let z = 57 - 41. Let g be (3/(-2))/(12/z). Calculate d(g).
0
Let m(d) = 14*d. Suppose -3*p = -1 - 2. Determine m(p).
14
Suppose 0*z + 2*z = 8. Let o(w) = -3*w + 9. Let y(s) = -5*s + 14. Let h = 3 - -5. Let x(t) = h*o(t) - 5*y(t). Calculate x(z).
6
Let s(t) = -t**2 + 1. Let q(y) = y**3 + 1. Let k(m) = -2*m**3 + 4*m**2 - 8. Let j(c) = -k(c) - 3*q(c). Let h be j(-3). Calculate s(h).
-15
Let t(j) = -3*j + 3. Let p(x) = 10*x - 10. Let g(d) = -2*p(d) - 7*t(d). Let q(w) = w - 5. Let h(v) = 2*g(v) - q(v). Give h(3).
6
Let a(h) = h**2 + 2*h - 2. Suppose -3*o - 7 = -4. Let r be (24/(-18))/(o/(-3)). Calculate a(r).
6
Let h(d) = -d**2 - 2*d - 1. Let q be h(-1). Suppose 2*z = -3*z. Let c(o) = q*o**2 + z - 6 - o**2 - 7*o. Determine c(-4).
6
Let r(t) = -2*t - 6. Let y(x) be the third derivative of -x**4/24 - 5*x**3/6 - 2*x**2. Let m(z) = 2*r(z) - 3*y(z). What is m(0)?
3
Let y(z) = -z**3 - z**2 - z + 1. Suppose 3*g = -3, -5*o + 3*o = 5*g + 5. Let v be -2 - 7*(-1 + o). Suppose 0 = -2*r + 2, 4*h - r + 4 = -v. What is y(h)?
7
Let j(c) be the second derivative of -c**4/12 - 5*c**3/6 + 3*c**2/2 - 2*c. Suppose -6*z = -0*z + 30. What is j(z)?
3
Let q(s) be the third derivative of -s**5/60 + 7*s**4/24 + 2*s**3/3 - 16*s**2. What is q(8)?
-4
Let j(c) = -2*c**2 - 9*c - 8*c + 24*c - 8*c + 3. Determine j(-2).
-3
Let b(m) = -6*m - 1. Suppose 4*c + c - 10 = -5*d, -4*d + 13 = -c. Give b(c).
5
Let a(y) be the first derivative of 0*y**4 + 3 + 0*y - y**2 - 1/6*y**3 + 1/60*y**5 + 1/120*y**6. Let r(m) be the second derivative of a(m). Determine r(1).
1
Let o(k) = -k**3 + 5*k**2 + 7*k - 8. Let m(l) = -2*l**2 - 3*l - 2. Let b be m(-2). Let i = b - -10. Calculate o(i).
-2
Let w(b) = -3*b + 2. Suppose 0 = 4*h + 2*k - 46, 2*k = -h - 2*k - 6. Let u = -4 + h. Let g be 16/u - 2/(-5). Give w(g).
-4
Let n be (-4 - -18)*(-1)/2. Let z(b) = -b - 7. Let j be z(n). Let q(p) = -3*p**2 + 3*p + 8. Let m(d) = d**2 - d - 4. Let y(h) = -5*m(h) - 2*q(h). What is y(j)?
4
Let f(g) = -g + 1. Let r be f(1). Let m(p) = -11*p**2 + 5*p + 17. Let k(j) = -4*j**2 + 2*j + 6. Let a = -9 + 1. Let v(t) = a*k(t) + 3*m(t). Give v(r).
3
Let z = 0 - -5. Suppose 0 = -m + z. Let g(y) = y**2 - 1. Let j(u) = 4*u**2 + 3*u - 2. Let r(t) = -5*g(t) + j(t). Determine r(m).
-7
Suppose 2*t = -3*t. Let r be -1 - (-2 + (t - -5)). Let a(g) = -2*g - 7 + 3*g - 2*g. Determine a(r).
-3
Let p(a) = 20*a**3 + 2*a**2 + 15*a - 9. Let q(f) = 7*f**3 + f**2 + 5*f - 3. Suppose 5*y - 3*y = 34. Let i(m) = y*q(m) - 6*p(m). Determine i(3).
6
Let b(a) = 4*a**2 + 17*a**2 - 7*a**2 - a. What is b(-1)?
15
Let p(f) = f**3 - 7*f**2 - 6*f - 9. Let y(i) = 2*i**3 - 14*i**2 - 12*i - 18. Let k(r) = 13*p(r) - 6*y(r). Give k(8).
7
Let s(d) = -d**3 - d**2 - 7. Let b be (4 - 4)/(2 + 0). Give s(b).
-7
Let v(t) = -2*t - 3. Let c(y) = -y - 3. Let o(s) = -3*c(s) + 2*v(s). What is o(5)?
-2
Let h(c) = -56*c**2 + 61*c**2 - 4 + 0*c + c**3 + 0*c. Give h(-5).
-4
Suppose 2*x - 4*g = -26, 4*x + 2*g - 20 = 6*x. Let u(z) = -z - 14. Calculate u(x).
-7
Let s = -16 - -23. Let g = -9 + s. Let u(f) be the first derivative of 2*f**3/3 + 3*f**2/2 + 2*f + 1. Give u(g).
4
Let g(p) = -4*p**3 + 15*p - 5*p + 3*p**3 - 7*p**2 + 7 - 14*p. Give g(-6).
-5
Suppose w + 2*m = 0, m - 18 = 4*w + 3*m. Let s(d) = -d + 3. Let j(z) = 5*z - 12. Let y(o) = -4*j(o) - 18*s(o). Calculate y(w).
6
Let j(o) = -o**3 + 4*o**2 + 2*o + 3. Suppose 11 = 3*d - 10. Suppose q - i + 4*i - d = 0, q = -5*i + 9. Determine j(q).
11
Let x = -11 - -15. Let z = x - 5. Let h(f) = 4*f**3 - f**2 - f - 1. Give h(z).
-5
Let t(f) = -f**3 + 3*f**2 + 3. Suppose -6*a - 5*q + 17 = -4*a, 4*a + q - 7 = 0. Let z = a - -1. Suppose 0 = 3*w + z*w - 15. What is t(w)?
3
Let k = -56 - -56. Let t(s) = -2*s**2 + 2*s + 11. Let a(v) = v**2 - v + 1. Let b(z) = -3*a(z) - t(z). Give b(k).
-14
Let c = -5 - -5. Let m(r) = r - 9. Calculate m(c).
-9
Let x(t) = -t**2 + 21*t - 49. Let u be x(18). Let d(a) = -10*a - 26. Let r(l) = -2*l - 5. Let b(q) = -2*d(q) + 11*r(q). Calculate b(u).
-13
Let y(w) = -w**3 - w**2 - 3*w - 3. Let g(o) = -3*o + 4. Let z be g(2). Determine y(z).
7
Let w(u) be the second derivative of u**4/2 - u**3/3 + 3*u**2/2 + 4*u. Let n(t) = -7*t**2 + 3*t - 3. Let k(x) = 5*n(x) + 6*w(x). What is k(-3)?
3
Let b(t) be the second derivative of t**5/20 + t**4/4 - 2*t**3/3 - 9*t. Suppose d - 2 = -4. Let x = -2 + d. Calculate b(x).
0
Let l(j) = -j**3 - 7*j**2 - 3*j + 7. Let r(t) = -5*t**2 - 2*t + 1. Let x be r(1). Give l(x).
-11
Let j = -12 + 12. Let m(q) = 1 - 2*q**2 + 3*q**2 + 1. Give m(j).
2
Let i(k) = -11*k + 0 + 3*k - k**2 + 2 - 1. Let z(q) = -q + 1. Let h(v) = i(v) - 5*z(v). Determine h(-3).
-4
Suppose i + 0 + 4 = 0. Let y = -7 - i. Let p(t) = t**2 + 3*t + 1. Determine p(y).
1
Let o be (92/(-96) - -1)*1. Let y(d) be the third derivative of -3*d**2 + 0*d + 0 + o*d**4 - 5/6*d**3. What is y(3)?
-2
Let y(r) be the first derivative of -r**6/120 - r**5/15 - r**3/2 + 2*r**2 - 6. Let o(j) be the second derivative of y(j). What is o(-4)?
-3
Let f(m) be the second derivative of m**4/12 + m**3/6 - 5*m**2/2 - 10*m. Let w = -1 + 1. What is f(w)?
-5
Let d(v) = v**3 - 4*v**2 + 1. Let u = 10 - 7. Determine d(u).
-8
Let y(c) = c**2 + 6*c - 11. Let o be y(-8). Suppose 2*u = 4*u - 10, -3*u = -5*n. Let t(j) = -n*j**3 + j + 0*j**3 + o*j**2 - 2 + 4*j**3. Determine t(-2).
8
Let d(j) = j**3 - 3*j**2 - 2*j - 2. Suppose -2*z - 2*w - 3*w + 8 = 0, 5*z = w + 20. Determine d(z).
6
Let o(f) = f**2 + 3*f - 7. Let v(x) = -x**3 + 14*x**2 - 12*x - 18. Let b be v(13). Determine o(b).
3
Let d(u) = 3*u - 5. Let n(k) be the first derivative of k**4/4 - 3*k**3 - 9*k**2/2 - 6*k - 5. Let g be n(10). Calculate d(g).
7
Let d be (-2)/4*(-5 - 5). Let i(q) = 3*q**2 - q**3 + 3 + q**2 + 6*q - 5 - 2*q. Determine i(d).
-7
Let b(u) = -131 - 2*u**2 - 3*u + 5*u + 132. What is b(-1)?
-3
Let u be -7 + 1 + 2 + -3. Let q be -3 + 0 + (0 - u). Let i(n) = -n**3 + 4*n**2 + 2*n - 3. What is i(q)?
5
Let n be (-1*2)/(-6 + 4). Let u(i) be the first derivative of -3*i + 1/4*i**4 - 4/3*i**3 - 2*i**2 + n. Give u(5).
2
Let v(h) be the third derivative of h**6/30 + h**4/24 + 11*h**2. Calculate v(1).
5
Let k(u) = -u + 3. Let h = 3 - -2. Determine k(h).
-2
Let u(b) = -11*b**2 + 1. Suppose 0 = -2*x - 2*w + w + 1, x + 2*w + 4 = 0. Suppose x*k = -0*k. Suppose k = 4*h + 2 + 2. What is u(h)?
-10
Let f(n) = 20*n + 24*n + 14*n**3 - 43*n - 1. Calculate f(1).
14
Let d = 5665/24 + -236. Let y(b) be the third derivative of 1/6*b**3 + 0*b - d*b**4 + b**2 + 0. Calculate y(4).
-3
Let d(a) = -3*a + 3. Let g be d(2). Let z(n) = -2*n**2 + 4*n - 6 + 0*n - 3*n + 9. Let v(h) = -h**2 + 3. Let b(j) = g*v(j) + 2*z(j). What is b(3)?
-6
Let m(y) = 3 - 1 - 13*y + 5*y + 11*y + 3*y**2. Determine m(-2).
8
Let o(p) be the third derivative of -p**5/60 + p**4/24 + p**3/6 + 9*p**2. What is o(0)?
1
Let l be ((-3)/(-6))/((-1)/10). Let t be 6 + (-1)/(1/3). Let j(m) = -2*m - 1 + 1 + t*m. What is j(l)?
-5
Let j(v) = -v**3 + 8*v**2 + 4*v + 4. Let m(w) = -w**2 - w - 1. Let p(x) = -j(x) - 5*m(x). Give p(3).
4
Let d(c) = -c**2 - 6*c - 3. Let r(s) = s**3 + 4*s**2 + 2*s - 1. Let h be r(-2). Let f = 7 - h. Let n be (-3)/(-4)*-1*f. Calculate d(n).
6
Let l(t) = t**2 - 3. Let i = 6 - 5. Suppose 5*y - 4 = i. Suppose y = 2*h - 5. Calculate l(h).
6
Let o(i) be the second derivative of i**4/6 - i**3/3 - i**2/2 - 8*i. Calculate o(-1).
3
Let k(s) = -s**3 - s**2 - 1. Suppose 12 = 3*o - 0. Suppose -3*j + 8 + 3 = o*m, -2*m + 5*j = 27. Give k(m).
-1
Let a(d) be the second derivative of 1/6*d**3 + 1/12*d**4 - 1/20*d**5 + 0 + 2*d - 1/2*d**2. Let y be (-2)/(-5) - 4/10. What is a(y)?
-1
Let g = 100 - 104. Let k(u) = u**2 + u. Determine k(g).
12
Let z(t) = 2*t**3 + 7*t**2 - t + 8. Let r be z(-4). Let h(a) = -2*a**2 - a - 2*a + 4 + 0*a**2. What is h(r)?
-16
Let c(s) = -2*s - 1. Let p(u) be the second derivative of -u**3/6 - 3*u**2/2 - u. Let b be p(-6). Calculate c(b).
-7
Let z(x) = -4*x. Let g(t) = t**3 + 4*t**2 - 6*t - 4. Let b be 1 + 0 + 1 - 7. Let h = 0 + b. Let c be g(h). Determine z(c).
-4
Let d(u) = -2*u